actors of n.
3
Let w be 786/15 + (-4)/10. Suppose -5*m + w + 48 = 0. Suppose 3*j = -j + 3*h + 17, 0 = -5*j + 4*h + m. What are the prime factors of j?
2
Let x(v) = -6*v + 2. What are the prime factors of x(-26)?
2, 79
Let q be (3/(-6))/((-1)/52). Let g = 43 - q. List the prime factors of g.
17
Let w = 342 + -102. What are the prime factors of w?
2, 3, 5
Suppose -4*d + 5*d = 2. Let n = -2 + d. Suppose n = -0*r + 4*r - 44. What are the prime factors of r?
11
Suppose 3*n = 11 + 7. Let x(y) = -4*y**3 - y**2. Let p be x(-1). Suppose 0 = -p*z - 4*g + 46, -4*z + n*z = 5*g. List the prime factors of z.
2, 5
Let m(r) = -3*r + 4. Let q be m(4). Let k be 2/8 - (-194)/q. Let g = k + 43. List the prime factors of g.
19
Suppose 108 = 7*t - 19*t. Suppose 0 = -3*y - 5*p + 10, -y - 2*y + 4 = 2*p. List the prime factors of 10 - t - (y + 1).
2, 3
Suppose -2*d = -99 + 35. Suppose 5*v - v - 4*u = d, v - 5*u - 20 = 0. List the prime factors of v.
5
Let t(u) = u**2 + u - 12. What are the prime factors of t(-6)?
2, 3
Let j = 23 - -1. Suppose -20 = -5*o, 171 = 5*k + 5*o - j. List the prime factors of k.
5, 7
Suppose 0 = w - 4 + 1. Let h(z) = z**3 - z**2 - 4*z. Let s be h(w). Suppose s = -x + 2*x. List the prime factors of x.
2, 3
Let a(u) = 2*u**2 + 2*u - 2. Let c be a(-2). Let p(i) = 3 - 4*i**2 + i**2 - c*i + 4*i**2. What are the prime factors of p(3)?
2, 3
Let t be -2*1 - (1 - 3). Suppose t*o = 3*o - 33. What are the prime factors of o?
11
Suppose 0 = 4*z - 9 - 3. Suppose s - z*s + 14 = 0. What are the prime factors of s?
7
Suppose 0 = -4*t + 67 - 35. Let x = 24 - t. List the prime factors of x.
2
Suppose 2*d = 2*a - 0*d - 116, -5*a + 320 = 5*d. List the prime factors of a.
61
Let u(f) = -2*f + 4. List the prime factors of u(-7).
2, 3
Let s(w) be the third derivative of -w**6/120 - w**5/20 - w**4/24 - w**3/2 - 2*w**2. Let u be s(-3). Suppose t + u = 3. List the prime factors of t.
3
Suppose 0 = 5*g + 5, g = 4*a - 1 - 12. Suppose 3*j + 3*m = -12, -j + a*j - 2*m + 12 = 0. List the prime factors of j/(-3) + (-2)/(-6).
2
Let v = -6 - -9. List the prime factors of v/(((-8)/(-6))/4).
3
Suppose -v + 1 = -1. Let s(o) = -o**3 + 7*o**2 + 3*o - 9. Let u be s(7). Suppose -i + u = -2*x, 0 = 4*i - v*x - 14 - 10. What are the prime factors of i?
2
Suppose 0*t - 30 = -5*t. Let i be ((-9)/(-2))/(3/t). Suppose 3*x - 6*x + i = 0. List the prime factors of x.
3
Let c(r) = -3*r**3 + 2*r**2 + 5*r - 3. Let d be c(3). List the prime factors of 2/(-3) - d/9.
5
Let k = -2 - -2. Suppose k = u - 5*u + 8. Suppose 0 = u*w - 5*g + 6, -3*w + 0*w + 5*g = 4. List the prime factors of w.
2
Let m be (-2 + 4)/(4/6). Let c = -4 + m. List the prime factors of -1 + (-2)/c*4.
7
Let c = 0 + 8. Suppose -124 = 4*o - c*o. List the prime factors of o.
31
What are the prime factors of (4/3)/(8/312)?
2, 13
Suppose 16 = 2*i + 4*u, 5*u + 0*u = 5. Let j be (i/4)/(6/128). Suppose b - 5*b = -2*v - j, 2*v = 5*b - 41. What are the prime factors of b?
3
Suppose r - 14 = 3*d, -r + 0*r + 5*d + 24 = 0. Let l(c) = -1. Let z(x) = 5*x + 10. Let i(v) = r*z(v) - 5*l(v). What are the prime factors of i(-4)?
3, 5
Let b(o) = -o**3 + 4*o**2 + 2*o - 3. List the prime factors of b(2).
3
Suppose -3*m = -9, 4*m = -4*u + 2*u + 40. What are the prime factors of u?
2, 7
Suppose 5*s = 3 - 93. Let m = 40 + s. List the prime factors of m.
2, 11
Suppose -5*o = -2*a + 379 + 77, 5*o - 912 = -4*a. List the prime factors of a.
2, 3, 19
Suppose -2*z + 37 = -23. Suppose -5*t + 2*t - z = -v, -5*v - 5*t = -50. List the prime factors of v.
3, 5
Let w = 3 - 3. Suppose c - 9 = -w*c. What are the prime factors of c?
3
Suppose -3*o + 13 + 2 = 0. Suppose o*m - 6*m = -14. List the prime factors of m.
2, 7
Let b(k) = 13*k**3 + 2*k**2 - 1. Let s be b(-1). Suppose -o - 40 = -5*o. List the prime factors of (o/(-3))/(4/s).
2, 5
Let j = 56 + -26. What are the prime factors of j?
2, 3, 5
Let w = -20 + 65. List the prime factors of w.
3, 5
Let u(x) = x**2 + 7*x + 7. List the prime factors of u(8).
127
Let a = -3 - -6. Suppose j - 2*j - 3*q = -47, -3*j + 5*q = -127. Suppose -a*n + j = n. List the prime factors of n.
11
Suppose 11*f + 124 = 12*f. What are the prime factors of f?
2, 31
Let t = -8 + 6. Let b be ((-3)/t)/((-9)/(-60)). List the prime factors of b + -2*1/2.
3
Suppose -k = -103 - 24. List the prime factors of k.
127
List the prime factors of -1*187/(-7) + 12/42.
3
Let k = -71 + 150. List the prime factors of k.
79
Let f(i) = 2*i**2 - i**2 - 2 + 0*i**2 - 2*i. Let g be f(7). List the prime factors of (-6)/g + (-123)/(-11).
11
Let z(g) = g. List the prime factors of z(14).
2, 7
Let h(g) = -g**3 - 5*g**2 + 2*g - 1. Let b be h(-6). Suppose -5*l + 19 - 4 = 0. Suppose -l*c = -b - 10. List the prime factors of c.
11
Let m(b) = b**2 + 3*b - 5. Let q be m(2). Suppose -i - 5*v + 59 = 0, -q*i - 82 + 357 = 5*v. What are the prime factors of i?
2, 3
Suppose -p = -m + 57, -3*p = -0*m + 3*m - 189. List the prime factors of m.
2, 3, 5
Let c = -28 + 43. Suppose 0 = -t + 3*m + 35, 5*t - 150 - c = 5*m. List the prime factors of t.
2
What are the prime factors of 252 + ((-15)/3 - -3)?
2, 5
Suppose -2*q = 4*i - 3*q - 221, 2*q = -2*i + 118. List the prime factors of i.
2, 7
Let c be -2*2/(-4)*4. Let p be (-5 + c)/(2/(-6)). Suppose -p*a + 10 = -11. What are the prime factors of a?
7
Let u = -3 + 46. What are the prime factors of u?
43
Let n be (-1)/4 - 1188/(-16). Suppose 0 = -5*m + 41 + n. List the prime factors of m.
23
Let r(i) = -i**2 + 0*i + 0*i**2 - 4 - 3*i. Let s be r(-3). List the prime factors of 26/4 - s/(-8).
2, 3
Let s = -7 - -3. Let n = s - -9. List the prime factors of n.
5
Suppose -w = 5*m - 148, 4*w + 3*m - 574 = m. List the prime factors of w.
11, 13
Suppose -5*o = -5*s + 30, 3*s - 3 = 3*o - 5*o. Let w = 17 - s. Suppose -w = -0*x - 2*x. What are the prime factors of x?
7
Let p = -5 + 8. Suppose -p*m + 9 = -9. Suppose m*w - 5*l - 47 = 3*w, 66 = 5*w + 4*l. What are the prime factors of w?
2, 7
Let m(t) = 5 + 5 - 2*t - 3 + 3*t. Let f(z) = z**3 + 6*z**2 - 6*z + 7. Let p be f(-7). List the prime factors of m(p).
7
Suppose d - 3 - 25 = 0. What are the prime factors of d?
2, 7
Suppose 0*o + o = 2*m - 219, 2*m - 2*o - 224 = 0. What are the prime factors of m?
107
Let q(a) = -a - 2. Let m be q(6). Let g = m - -5. What are the prime factors of 2 + 4/g*-3?
2, 3
Let z = 39 - -10. What are the prime factors of z?
7
What are the prime factors of 5484/84 + (-2)/7?
5, 13
Let w = 44 - 22. What are the prime factors of w?
2, 11
Suppose 0 = -2*f + 156 + 34. What are the prime factors of f?
5, 19
Let f = 59 - 23. What are the prime factors of f?
2, 3
Let w be (-18)/30 - (-13)/5. Suppose -w*p + 7*p - 10 = 0. List the prime factors of p.
2
Suppose -2*t - 16 + 78 = 0. What are the prime factors of t?
31
Suppose -5*r + 60 = 20. List the prime factors of r.
2
Let y(f) = f + 5. Let a be y(0). Suppose 0*x = -a*x + 135. List the prime factors of x.
3
Let r = -11 + 14. Suppose 2*t + t = 0. Let h = t + r. List the prime factors of h.
3
Let l be (-24)/9 + (-3)/9. What are the prime factors of (-9)/l - -6 - -2?
11
Let q = 6 - 4. Let m(l) = 26*l - 2. Let b be m(q). Suppose 5*c + 10 - b = 0. What are the prime factors of c?
2
Let o be 235/5 + -3 + 0. Let i = o + -28. What are the prime factors of i?
2
Let f be 4/24 - 29/(-6). Let s be (1 + f)/(3/2). Suppose s*y - y - 42 = 0. What are the prime factors of y?
2, 7
Let b be -432*((-14)/4 + 2). List the prime factors of (-3)/(-5) - b/(-20).
3, 11
Let x(y) = -3*y + 29. Let o(j) = -j + 10. Let l(i) = 7*o(i) - 2*x(i). What are the prime factors of l(-10)?
2, 11
Suppose -o = 2*o, 0 = -j - 5*o + 8. Let v be (-3)/12 + 2/8. Suppose v = -2*t + 16 + j. What are the prime factors of t?
2, 3
Suppose -k + 2*h + 12 = 0, 0*h = 2*k - h - 15. Let d(w) = 2*w**2 - 9*w + 9. Let y be d(k). Let l = y - 9. List the prime factors of l.
2, 3
Let n = -19 - -3. Let x = n + 9. Let u = x - -11. What are the prime factors of u?
2
What are the prime factors of (((-126)/8)/(-1))/(6/32)?
2, 3, 7
Let b be (-10)/(-4) + (-1)/(-2). Suppose 4*g - 136 = -6*n + n, -b*n + 4*g = -56. List the prime factors of n.
2, 3
Let v be (-1)/(1/(-3)) - 1. List the prime factors of 2/(-4) + 7/v.
3
Let f(g) = g**3 - g + 2. Let h be f(0). Suppose -5*n + w = -24, 3*n - h*w - 13 = 7. What are the prime